 + 46. What are the prime factors of d(y)?
2, 83
Suppose 0 = -y + 3*i + 1479, 3*y + 0*y - 4449 = 5*i. Suppose -7*s - y = -13*s. Suppose -l + s = l. What are the prime factors of l?
2, 31
Let g(k) = 5*k + 64. Let m be g(0). List the prime factors of -2*28*(-1072)/m.
2, 7, 67
Suppose 0 = -5*i + 5, 2*i + 3 = -o + 6*i. Let t(j) = 33*j - 11. Let g be t(2). Let k = o + g. What are the prime factors of k?
2, 7
Suppose -137*p + 300351 + 216961 = 0. What are the prime factors of p?
2, 59
Let m be (-7 - 1)*(-495)/(-22). What are the prime factors of (7 - 1)/((-30)/m)?
2, 3
Let n be 13/39 + 8/(-6). Let o be n - (0 + -2) - (-20)/5. Let p = o - -4. List the prime factors of p.
3
Let a(j) = 83*j**2 - 45*j - 2039. What are the prime factors of a(-27)?
13, 4591
Let s = -714 + 1391. What are the prime factors of s?
677
Let k = 11 - 5. Let w be (-1)/((9/k)/1 - 1). What are the prime factors of 85/1 - (-2 - w)?
5, 17
Let n = 28401 - 16637. List the prime factors of n.
2, 17, 173
Let l = -17736 - -36714. List the prime factors of l.
2, 3, 3163
Let b(r) = -r**2 - 5*r + 32. Let j be b(-9). Let x = j + 7. Suppose -3*f + 226 = 4*s, f + x*s = -0*s + 72. What are the prime factors of f?
2, 3, 13
Let p = 109 - 97. Suppose 0 = -p*r - 7 + 331. What are the prime factors of r?
3
What are the prime factors of (-49465)/52*-4 - (2 - -2)?
3, 7, 181
What are the prime factors of (-112)/12*105144/(-16)?
2, 7, 13, 337
List the prime factors of ((-514365)/(-530))/(1/4).
2, 3, 647
Let r be 1/6 + (-820)/(-120). Let w(x) = 2*x**2 - 11*x + 23. List the prime factors of w(r).
2, 11
What are the prime factors of (9462 - 1)/(145/145)?
9461
Suppose 3362 = 3*f + l + 757, 4*l + 864 = f. Suppose 1715 = 2*o - 3*d, -5*o = -4*o + 2*d - f. What are the prime factors of o?
2, 431
Suppose -2*g = z - 2390, 3*z + 70*g - 7178 = 68*g. List the prime factors of z.
2, 3, 7, 19
Suppose -3*h = -7*a + 3*a - 138326, 0 = 5*h - 4*a - 230522. List the prime factors of h.
2, 3, 13, 197
Suppose -2*p + 25 = 5*v, 3*p = 5*v - 0*p - 50. What are the prime factors of (v + -1 + 315)*1?
3, 107
Let j be 4 + -8 + 1 - (1 + -30). Let y be (-2)/(-78)*-6 - (-4)/j. Suppose y = -5*c - 3*u + 722, -2*c - 2*u + u = -288. What are the prime factors of c?
2, 71
Let i(v) = -26*v - 19 - 7*v**2 + 48*v - 18*v. Let a be i(4). What are the prime factors of 5 + 4 + -4 - a?
2, 3, 5
Let k be (-5)/10 - (-1)/(2/11). Suppose 5*b - 118 - 796 = -2*f, -f - k*b + 447 = 0. List the prime factors of f.
467
Suppose 2*u - k = -3, -2 = 3*k - 5*k. Let g be 4*((-10)/4)/(-5) - u. Suppose 5*l - 276 = -4*j, -g*j - 131 - 96 = -4*l. What are the prime factors of l?
2, 7
Let c(b) = b**3 + 9*b**2 - 16*b + 25680. What are the prime factors of c(0)?
2, 3, 5, 107
Suppose 30*w - 5047 = 13973. Let j = w - -538. List the prime factors of j.
2, 293
Let q(i) = 465*i**2 + 51*i + 127. List the prime factors of q(-3).
4159
Let h(n) = -n**3 - 8*n**2 - 3*n - 1. Let a be h(0). What are the prime factors of a/2 + (-36543)/(-26) + -5?
2, 5, 7
Let r(o) = 17*o**2 - 89*o - 4. Let v be r(-11). Suppose 5*x - 3*j - 1490 - 2299 = 0, -4*x + 2*j = -v. List the prime factors of x.
3, 11, 23
Let c = 118 - 57. Let q = 73 - c. Suppose -8*z = -q*z + 592. What are the prime factors of z?
2, 37
Let y = -729 + 2195. What are the prime factors of y?
2, 733
Suppose -5 = -d - 2*k - 1, -3*d - 6 = -3*k. Suppose 2*w + 2*v - 3*v - 627 = d, 3*w = -2*v + 951. List the prime factors of w.
3, 5, 7
Suppose -3*i = -6*i + 6. Suppose 3*g = -3*a + 123, 0 = g - 0*g + i*a - 42. List the prime factors of 2*4/(g/325).
5, 13
Let b(w) = -2*w**3 - 24*w**2 - 18*w + 32. What are the prime factors of b(-21)?
2, 2087
Let f = 14240 - 4818. List the prime factors of f.
2, 7, 673
Suppose 5*m + i - 57467 = 0, -6*m + 4*i = -m - 57457. List the prime factors of m.
3, 1277
Let w(p) = -2*p**2 + 7. Let m(x) = 2*x**2 + x - 7. Let v(s) = -6*m(s) - 5*w(s). Let t be v(14). Let y = -335 - t. What are the prime factors of y?
2, 67
Suppose -31 + 2 = -4*q - x, q + 2*x - 9 = 0. Suppose 26 = g - q. What are the prime factors of g?
3, 11
Suppose -5*t + 11753 = -0*d - d, -t + 2353 = d. Suppose -9*z = 542 - t. What are the prime factors of z?
3, 67
Suppose 5*z - 302*g - 144645 = -307*g, 0 = 5*z - 5*g - 144585. List the prime factors of z.
3, 31, 311
Let v be (6/(-4))/(3/896). Let m = -300 - v. What are the prime factors of m?
2, 37
Let s = -3531 - -25589. List the prime factors of s.
2, 41, 269
Suppose -3*o = -171 - 54. Let i(v) = -v - 3. Let g be i(-5). What are the prime factors of o + g + (1 - (-3 - -5))?
2, 19
Let h(x) = 43*x - 26. Let j be h(2). Suppose -j = 5*z - 10*z. What are the prime factors of z?
2, 3
What are the prime factors of -125*(-11)/10*12?
2, 3, 5, 11
Let a(k) = 3*k**3 - 19*k**2 - 56*k + 280. What are the prime factors of a(23)?
2, 12721
Suppose -9 - 7 = 4*t, l + 2*t - 369 = 0. Let b = -213 + l. List the prime factors of b.
2, 41
List the prime factors of (-759318)/(-12) + (1 - 16)/30.
2, 3, 5273
Let j = -759 - -326. Let m(g) = 50*g + 4. Let o be m(-6). Let d = o - j. What are the prime factors of d?
137
Let d = -211 - -238. Suppose 29*o = d*o + 1430. What are the prime factors of o?
5, 11, 13
Suppose 3015 = 5*n - 5*g - 1680, g = -2*n + 1869. List the prime factors of n.
2, 3, 13
Let y(w) = 2*w**2 - 5*w + 4. Let f be y(1). Let z be (0 - -8)*(18 - f). Let j = z - 62. What are the prime factors of j?
2, 37
Let c be -2*(-1)/2*0. Suppose -55*r - 3220 = -60*r. Suppose c = -6*b + 418 + r. List the prime factors of b.
3, 59
Suppose 60 = 18*i - 84. Suppose 2418 = i*v - 5*v. What are the prime factors of v?
2, 13, 31
List the prime factors of (-6)/10 + (-1288530)/(-50).
2, 3, 5, 859
Suppose -5*r = -0*r + 25. Let s(j) = j**2 - 12*j - 12. Let f be s(r). Let y = f - 49. What are the prime factors of y?
2, 3
Let c = -4 - -6. Let h be 131/6 + c/12. Let v = h + -20. What are the prime factors of v?
2
List the prime factors of -12*5/(-6)*(-22)/55 - -10033.
3, 3343
Suppose -48*s + 6733 + 13811 = 0. What are the prime factors of s?
2, 107
Suppose j = 2*j, -3*f = 4*j - 4611. Suppose 2*n - 47 - 971 = -4*t, -4*t - f = -3*n. What are the prime factors of n?
7, 73
Let p(y) be the first derivative of -y**2 + 9*y + 479. Suppose 0 = 3*b + 1 + 38. What are the prime factors of p(b)?
5, 7
Let h = -291 - -641. Let o = h + -182. List the prime factors of o.
2, 3, 7
Suppose -3*x - 4*w + 8*w = 907, 923 = -3*x - 4*w. Let q = -172 - x. List the prime factors of (-4)/38 + 3073/q.
23
Suppose 0*r - 43924 = -4*r + y, 2*r - 21956 = -y. What are the prime factors of r?
2, 3, 5, 61
Suppose 19*m - 7542 = 16*m. Suppose -58*g + m = -64*g. Let y = -299 - g. What are the prime factors of y?
2, 3, 5
Let m = 11943 + -5126. What are the prime factors of m?
17, 401
Suppose 4*w = 3*d + 32145 + 7694, 4*d = w - 9963. What are the prime factors of w?
23, 433
Let k = -30096 - -36858. What are the prime factors of k?
2, 3, 7, 23
Suppose -a + 3*k + 19014 = 0, 10*a - k + 57102 = 13*a. What are the prime factors of a?
2, 3, 13, 61
Let i = -5365 - -25747. List the prime factors of i.
2, 3, 43, 79
Suppose -8 = -2*j, -2*f + 6*j = 2*j + 10. Suppose f*z + 2*d = -2*d + 1121, 2*z - 2*d = 752. What are the prime factors of z?
3, 5
Let f(j) = 24*j - 35. Let t be f(25). Suppose -426 = 3*q + 5*a - 1276, -2*q = 3*a - t. What are the prime factors of q?
5, 11
Suppose 0*j + 370 = -4*r - 3*j, -5*j - 10 = 0. Let g = r + 244. Suppose 5*c = 3*t + g + 182, -5*c + 335 = 2*t. What are the prime factors of c?
67
Let x(s) = s**2 - s + 1. Let y be x(0). Let j(a) = 555*a**3 + a**2 + 9*a - 10. List the prime factors of j(y).
3, 5, 37
Let h = 121143 - 72060. List the prime factors of h.
3, 16361
Let t(x) be the third derivative of 1/120*x**6 + 5*x**2 + 7/12*x**4 + 0 + 0*x - 3*x**3 - 11/60*x**5. List the prime factors of t(11).
2, 17
Let q(m) be the third derivative of m**6/40 - m**5/20 - 7*m**4/24 + m**3/3 - 37*m**2. What are the prime factors of q(5)?
3, 89
Let m(h) = h + 78. Let d(q) = -18*q - 25. Let u be d(1). What are the prime factors of m(u)?
5, 7
Suppose -12*h = -6*h + 18*h - 89016. List the prime factors of h.
3709
Suppose 475 = 65*i - 70*i. Let z = i + 368. List the prime factors of z.
3, 7, 13
Suppose 2 = -q - 1. Let f be 4/(-3)*(-87 - q). Let m = -26 + f. What are the prime factors of m?
2